et z(i) = -i**3 - 7*i**2 - 6*i + 22. Calculate z(-5).
2
Let q(j) = -54*j - 897. What is q(-15)?
-87
Let o(m) = 3*m**3 - 11*m**2 - 12*m - 45. Determine o(5).
-5
Let z(b) = b**2 - 28*b + 70. What is z(27)?
43
Let c(s) = s**2 - 2361*s - 69298. What is c(-29)?
12
Let h(f) = -704*f + 1404. Determine h(2).
-4
Let u(m) = -2*m**2 + 14*m - 55. Give u(7).
-55
Let w(u) = u**3 - 14*u**2 - u - 221. Give w(15).
-11
Let v(r) = 2*r**3 + 116*r**2 - 122*r - 235. Give v(-59).
1
Let y(g) = -g**3 - 3*g**2 - 7*g + 42. Determine y(5).
-193
Let n(q) = -43*q**3 + 818*q**2 - 23*q + 15. Determine n(19).
-61
Let c(d) = 479*d - 480. What is c(1)?
-1
Let o(x) = 5*x**3 + 25*x**2 + 192*x + 966. What is o(-5)?
6
Let v(j) = -j**3 + 83*j - 25. Calculate v(9).
-7
Let q(d) = -268*d + 35368. Calculate q(132).
-8
Let j(h) = -h**2 + 46*h - 541. Give j(22).
-13
Let q(z) = z**3 + 5*z**2 - 13*z + 18. Give q(-7).
11
Let w(n) = 7*n - 93. What is w(28)?
103
Let c(b) = b**3 + 23*b**2 + 108*b + 25. Calculate c(-17).
-77
Let o(t) = 2*t**3 + 18*t**2 + 25*t + 79. Determine o(-8).
7
Let k(j) = -j**2 + 5331*j + 128533. Calculate k(-24).
13
Let l(z) = 34*z + 627. Calculate l(-18).
15
Let l(c) = -57*c**2 + 212*c - 134. What is l(3)?
-11
Let n(f) = -f**2 - 46*f + 227. What is n(-53)?
-144
Let w(x) = -x**2 + 55*x + 309. What is w(-5)?
9
Let x(i) = -3*i - 57. Calculate x(28).
-141
Let h(n) = 2*n**3 - 96*n**2 + 95*n - 54. What is h(47)?
-7
Let o(m) = 10*m**2 + 65*m - 497. What is o(-11)?
-2
Let y(o) = 133*o - 654. Give y(5).
11
Let b(s) = -3*s**2 + 163*s - 59. Determine b(53).
153
Let b(q) = 1371*q + 13690. Calculate b(-10).
-20
Let k(l) = -14*l**2 - 352*l - 52. Calculate k(-25).
-2
Let z(m) = 397*m - 8341. Calculate z(21).
-4
Let p(m) = -7*m + 75. Give p(28).
-121
Let s(l) = -l**3 + 8*l**2 + 28*l - 116. Calculate s(9).
55
Let m(z) = -9*z - 94. Calculate m(-9).
-13
Let l(z) = 29*z**2 - 3*z - 1. Give l(-3).
269
Let q(a) = 75*a + 210. Give q(-6).
-240
Let v(h) = 1236*h + 7414. Give v(-6).
-2
Let k(z) = -z**3 + 34*z**2 - 19*z + 4. Determine k(0).
4
Let f(p) = -p**2 + 156. Give f(12).
12
Let i(a) = -2*a**3 - 27*a**2 + 11*a + 33. Give i(-14).
75
Let i(f) = -f**2 + 94*f + 1079. What is i(106)?
-193
Let k(t) = -95*t - 258. Calculate k(-3).
27
Let l(o) = 2*o**2 - 66*o - 43. Determine l(33).
-43
Let m(y) = -2*y**3 + 21*y**2 - 168*y + 1582. Determine m(10).
2
Let m(s) = -513*s + 5123. What is m(10)?
-7
Let u(s) = 5*s**2 + 19*s + 138. What is u(-8)?
306
Let u(k) = k**3 - 11*k**2 + 3*k - 29. What is u(11)?
4
Let f(w) = -w**3 + 16*w**2 - 13*w - 33. Calculate f(15).
-3
Let y(f) = f**3 + 9*f**2 + 29*f + 707. Determine y(-11).
146
Let s(u) = -4*u**3 + 16*u**2 + u - 3. Calculate s(5).
-98
Let y(v) = 868*v + 9584. Calculate y(-11).
36
Let w(h) = -h**3 + 5*h**2 - 2687*h + 10733. Calculate w(4).
1
Let m(h) = 35*h + 1. What is m(6)?
211
Let g(f) = f**3 - 369*f**2 + 2170*f + 2911. Determine g(363).
7
Let d(c) = -121*c + 645. What is d(4)?
161
Let w(b) = -b**3 + 21*b**2 - 25*b + 91. Give w(20).
-9
Let v(s) = s**3 - 55*s**2 + 58*s - 61. Give v(54).
155
Let m(j) = -21*j - 1747. What is m(-81)?
-46
Let h(x) = -256*x - 44807. Determine h(-175).
-7
Let h(v) = -2*v**3 + 5*v**2 + 663*v + 2. Determine h(-17).
2
Let q(c) = -438*c**2 + 2721*c - 549. Determine q(6).
9
Let v(l) = -1982*l + 9909. What is v(5)?
-1
Let q(c) = 6*c**2 + 89*c + 105. Calculate q(-14).
35
Let j(p) = 8*p**2 + 5*p - 16. What is j(-4)?
92
Let b(v) = -v - 65. Determine b(-61).
-4
Let n(k) = 2*k**3 - 74*k**2 - 5039*k - 68. What is n(72)?
4
Let k(r) = 2*r**3 - 498*r**2 - 12513*r - 22. Give k(-23).
1
Let b(k) = 2*k**3 - 8*k**2 + 8*k - 7. What is b(3)?
-1
Let f(m) = m**3 - 14*m**2 - 2176*m + 26406. Determine f(12).
6
Let k(u) = -u**3 - 3*u**2 + 173*u + 569. Determine k(-13).
10
Let q(i) = 10*i - 169. Determine q(16).
-9
Let k(g) = 249*g + 4985. What is k(-20)?
5
Let w(v) = -4*v + 58. Give w(14).
2
Let s(t) = -t**2 + 1840*t - 9180. Determine s(5).
-5
Let t(k) = -2*k**3 - 38*k**2 + 38*k - 47. What is t(-20)?
-7
Let i(v) = -94*v + 246. Give i(3).
-36
Let v(w) = -w**3 - 37*w**2 - 159*w + 45. Give v(-32).
13
Let c(m) = -47*m - 331. Give c(5).
-566
Let u(n) = -8*n**3 + 29*n**2 + 12*n - 37. Calculate u(4).
-37
Let v(b) = -b**3 - 8*b**2 - b + 29. What is v(-7)?
-13
Let z(o) = -2*o**2 + 16*o + 168. Calculate z(15).
-42
Let m(l) = 7*l - 335. Calculate m(35).
-90
Let s(r) = 44*r + 207. Determine s(-15).
-453
Let w(v) = 2*v**3 - 3*v**2 - 2*v + 33. Determine w(5).
198
Let r(k) = 2*k**3 + 34*k**2 - 72*k - 34. Calculate r(-19).
-110
Let m(l) = -l**3 + 23*l**2 + 18*l + 141. Calculate m(24).
-3
Let t(u) = 4*u**3 + 15*u**2 - 9*u - 50. What is t(-3)?
4
Let g(n) = 1042*n + 2077. Give g(-2).
-7
Let o(u) = -5*u**2 - 189*u + 869. Give o(-42).
-13
Let q(f) = -f**3 - 11*f**2 - 77*f - 710. Calculate q(-10).
-40
Let c(l) = -l**3 + 42*l**2 + 29*l - 400. Calculate c(42).
818
Let t(i) = 143*i**2 + 582*i + 50. Give t(-4).
10
Let c(o) = 11*o**2 - 20*o + 16. Calculate c(-9).
1087
Let w(u) = 18700*u - 130916. Give w(7).
-16
Let y(h) = -h**2 + 54*h - 1031. Determine y(41).
-498
Let u(q) = -q**2 - 26*q + 19. Calculate u(-15).
184
Let v(m) = 6*m**2 + 105*m - 49. Calculate v(-19).
122
Let i(s) = -8*s**2 + s + 14. Give i(-5).
-191
Let n(w) = -14*w - 150. Give n(-9).
-24
Let b(z) = z**3 + 2*z**2 - 53*z + 16. Determine b(-7).
142
Let i(b) = -9*b**2 + 613*b - 48. Give i(68).
20
Let o(f) = f**3 - 8*f**2 - 69*f + 387. What is o(6)?
-99
Let n(y) = -y**2 - 378*y - 28337. What is n(-103)?
-12
Let w(j) = -j**2 - 24261*j - 145517. What is w(-6)?
13
Let q(j) = 15*j**2 + 23*j - 71. Calculate q(4).
261
Let s(g) = g**3 + 18*g**2 + 4*g - 731. Give s(-14).
-3
Let b(p) = -7*p**3 - 1161*p**2 - 995*p - 824. Calculate b(-165).
1
Let i(k) = -132*k + 1099. Determine i(9).
-89
Let p(k) = -k**2 + 49*k + 38. Give p(47).
132
Let f(w) = -w**2 - 300*w + 879. Determine f(3).
-30
Let j(o) = o**3 - 14*o**2 - 52*o + 16. What is j(17)?
-1
Let b(d) = -580*d + 4040. Give b(7).
-20
Let d(l) = 2*l**2 + l - 16. What is d(0)?
-16
Let s(n) = -6*n**2 - 398*n - 128. Give s(-66).
4
Let a(b) = -57*b - 34. Determine a(5).
-319
Let m(x) = -361*x - 10096. Give m(-28).
12
Let i(c) = 2*c**2 + 71*c + 73. Calculate i(-34).
-29
Let f(c) = -2*c**3 + 31*c**2 - 22*c + 50. Calculate f(15).
-55
Let z(f) = 279*f - 1836. What is z(6)?
-162
Let b(q) = -q**2 - 105*q - 1202. Determine b(-13).
-6
Let c(y) = -2*y**2 - 5*y + 452. What is c(-17)?
-41
Let n(x) = 81*x - 6975. What is n(86)?
-9
Let y(b) = b**3 + 6*b**2 + 2*b - 4. Calculate y(-2).
8
Let r(i) = -107*i + 2659. What is r(25)?
-16
Let r(o) = -o**3 + 17*o**2 + 12*o + 156. Determine r(16).
604
Let n(u) = u**3 + 12*u**2 + 16*u + 365. Determine n(-13).
-12
Let m(z) = -231*z + 921. Determine m(4).
-3
Let o(r) = -r**2 - 2*r + 124. Determine o(-10).
44
Let s(u) = 4*u**2 + 65*u - 35. What is s(-6)?
-281
Let b(c) = 3*c**3 - 92*c**2 - 45*c + 451. Give b(31).
17
Let k(n) = -n**3 - 8*n**2 + 62*n + 8. Determine k(-13).
47
Let k(a) = 5*a**2 + 96*a - 1866. Calculate k(12).
6
Let w(l) = -32*l - 306. Determine w(-13).
110
Let d(s) = s**3 + 18*s**2 + 40*s + 50. What is d(-16)?
-78
Let a(h) = 3*h**2 + 281*h + 1009. Give a(-90).
19
Let w(x) = 6*x**3 + 6*x**2 + 3*x + 4. What is w(-4)?
-296
Let w(v) = 126*v - 1275. Give w(10).
-15
Let z(p) = -9*p**2 + 178*p + 1377. Give z(-6).
-15
Let h(i) = -i**2 + 83*i + 17729. Calculate h(-98).
-9
Let n(v) = 63*v + 3167. Determine n(-52).
-109
Let j(u) = 13*u - 12. Calculate j(8).
92
Let p(y) = -y**3 - 538*y**2 - 12831*y - 156. Calculate p(-25).
-6
Let u(z) = z**2 - 34*z + 138. Give u(34).
138
Let q(d) = 21*d - 454. Give q(21).
-13
Let k(m) = 157*m + 380. Determine k(-2).
66
Let r(j) = 5*j**3 - 6*j**2 - 8*j + 3. Give r(-2).
-45
Let s(p) = -p**3 - 16*p**2 + 10*p + 292. Determine s(-14).
-240
Let o(d) = -64*d**3 + 2*d**2 + 13*d + 10. What is o(-1)?
63
Let z(a) = -13*a + 209. Calculate z(8).
105
Let h(l) = l**3 - 38*l**2 + 281*l - 25. Determine h(28).
3
Let q(u) = -u**3 - 9*u**2 + 21*u. Calculate q(-11).
11
Let i(p) = 233*p - 1077. What is i(6)?
321
Let i(x) = -11*x**2 + 9*x - 27. Calculate i(3).
-99
Let u(t) = 2*t**2 + 484*t - 12755. What is u(24)?
13
Let t(j) = j**2 - 61*j - 321. Calculate t(-5).
9
Let a(t) = -64*t**3 + 5*t**2 + 7*t - 8. Calculate a(1).
-60
Let l(p) = -16*p**2 + 160*p - 466. D